 n.
463
Let v be (6/4)/((-15)/(-80)). List the prime factors of (-8*6/(-12))/(v/1146).
3, 191
Let c be (16/(-4))/((-4)/(-46)). Let i = c + 52. Suppose -417 = -4*w + 5*n, -i*w - 3*n = -8*w + 207. What are the prime factors of w?
2, 3
Suppose -34*a + 38*a + f = 158336, 0 = a - 5*f - 39584. What are the prime factors of a?
2, 1237
Suppose -2*b = -8, 2*b = -3*p - 3*b + 29. Suppose 0 = -3*u - p*u + 30. Suppose -3*i - 2*r = -i - 204, -u*r = -2*i + 190. List the prime factors of i.
2, 5
Let o(r) = 76*r**2 - 31*r + 142. Let p(j) = -2*j**3 + j**2 - 2*j + 4. Let y be p(0). List the prime factors of o(y).
2, 617
Let o = -46 - -44. Let h be ((-3)/(o - 1))/(3/15). Suppose -2*t = h*v - 624, -v - 306 + 1 = -t. List the prime factors of t.
307
Suppose 2*q + q = 663. Suppose g - 450 = 4*d, q = -g + 3*d + 670. What are the prime factors of g?
2, 223
Suppose -2*h - 4*o + 3110 = 0, 4*o - 2400 = -3*h + 2269. List the prime factors of h.
1559
What are the prime factors of ((-38)/(-6))/((-137)/(-156591))?
3, 19, 127
Let x(y) = -y**3 - 18*y**2 + 30*y + 31. Let t be (10 - 0)/(5 + -3). Let c(v) = -2*v**2 + 10*v - 20. Let p be c(t). List the prime factors of x(p).
3, 7, 11
Suppose 0 = 5*q + 15, -24*u + q = -19*u - 6228. List the prime factors of 290251/u - (-4)/(-30).
233
Suppose -4*c = 3*c - 84. Let r be 0/(-2)*(c + -11). Suppose 5*g + 68 = 2*k, -k - 3*g = -r*k - 45. List the prime factors of k.
3, 13
Let n = 348 - 352. List the prime factors of (-10706)/(-8) - (-1)/n.
2, 3, 223
Suppose 3*v - 137 = 5*p, -43 - 26 = -v - 3*p. Suppose v = -4*t + c, 2*t + 59 = -3*t - 3*c. Let f = t + 83. What are the prime factors of f?
2, 5, 7
Let d(f) be the third derivative of f**5/30 + f**4/8 + f**3 - 37*f**2. Let n be d(5). Suppose 6*g = 109 + n. What are the prime factors of g?
2, 3, 5
Suppose -16*v + 264 = -2536. Let u = v + -147. List the prime factors of u.
2, 7
Let w = -3457 - 2900. What are the prime factors of (((-24)/9)/(-4))/((-13)/w)?
2, 163
Suppose 3*p + 20 = -l, -5*l + 2*p - 3*p - 30 = 0. Let g be 3/(-3) + -4*(l + 3). Suppose 0 = g*b - 10*b + 195. List the prime factors of b.
5, 13
Let r(y) = 2*y**2 - 7*y - 41. List the prime factors of r(-28).
1723
Suppose 0 = z + z. Suppose 101*r + 237 = 50 + 5439. Suppose z = r*y - 47*y - 1030. What are the prime factors of y?
2, 103
List the prime factors of -17*45862/(22 + -45).
2, 17, 997
Let t(k) = 69529*k**3 - 105*k**2 + 106*k - 3. What are the prime factors of t(1)?
251, 277
Let m(p) be the first derivative of 17*p**3/3 + 5*p**2/2 - 37*p + 39. List the prime factors of m(4).
3, 5, 17
Suppose -5*r = -45, 5*j - 11065*r + 11067*r = 288688. What are the prime factors of j?
2, 28867
Let u = 165 - 160. Suppose -u*w - 5*x + 615 = 0, 2*x + 661 = 5*w + 81. List the prime factors of w.
2, 59
Suppose 8*y - 23 = 3*y - 2*z, -5*z = -y - 17. Suppose 2*w - 1229 = -3*k, y*k = -k - 20. What are the prime factors of w?
2, 311
Let s(t) = -7*t - 25*t - 3 + 0*t + 0*t. Let x be s(-3). Suppose 328 = 5*r + x. What are the prime factors of r?
47
Suppose 7*l + 19*l = 101894. List the prime factors of l.
3919
Suppose -908984 = -83*r + 5243806. What are the prime factors of r?
2, 3, 5, 7, 353
Suppose 0 = 3*l + 4*a - 446, l - 3*l + 2*a = -302. Suppose -6*v - 1560 = -10*v. Suppose v = 3*p + l. List the prime factors of p.
2, 5
Let x(y) = 7*y**2 - 3*y - 16. Suppose 3*n = 7*n + 12. Let r be x(n). List the prime factors of 1185/24 - 21/r.
7
Suppose 0 = 232*r - 225*r - 14. List the prime factors of 140/(2 + (-3)/r).
2, 5, 7
Suppose -39*f + 6742 = 424. Let v = f - -1155. What are the prime factors of v?
3, 439
Let y(h) = h**3 - 13*h**2 - 31*h + 16. Let g be y(15). What are the prime factors of g/(8/(-5960)*-5)?
149
Suppose 2*v - 63 = j, -42*v + 45*v - 95 = j. Let i = 9 - 28. Let x = i + v. List the prime factors of x.
13
Suppose -712 = -4*l + 3*z, 2*l + 5*z - 215 = 141. Let y = l - 42. What are the prime factors of y?
2, 17
Let i = 54455 + -37013. List the prime factors of i.
2, 3, 17, 19
Let s be -3 + (-1)/(5/(-95)). Suppose 3*z - t = 12, -4*z + t - 2*t + s = 0. List the prime factors of z - 1/(1/(-109)).
113
Let s(a) = a**3 + 11*a**2 - 10*a - 101. Let c be s(-11). Suppose 0 = -2*o + 5*k + 1984, -992 = -o - c*k + 6*k. What are the prime factors of o?
2, 31
Let n = 725 + -663. Suppose 60*r = n*r + 4*d - 630, 5*d - 5 = 0. List the prime factors of r.
313
Let p be 58*(-3 + -1*(-16)/4). Suppose -45 = 63*c - p*c. Let x = 97 + c. What are the prime factors of x?
2, 11
Let g(f) = 185*f + 2388. List the prime factors of g(72).
2, 3, 7, 11, 17
Suppose 0 = -2*h + 4*a - 98 + 254, -5*h - 4*a = -418. What are the prime factors of (85 - h) + (-3)/((-6)/322)?
2, 41
Suppose -2*h = 3*r - 96, 0*r + 5*r - 10 = 0. List the prime factors of -1*(4413/(-5) - 18/h).
883
Let a(i) = 3*i**2 + 30*i - 10. Let j be a(-13). Suppose 0 = 2*l + 5*v + 39, -5*l - v = 2*v + j. List the prime factors of (-10)/55 + (3 - 4976/l).
229
Suppose -13*r = -8*r + 20*r - 220625. List the prime factors of r.
5, 353
Suppose -6470 - 14823 = -v + 5750. List the prime factors of v.
27043
Let x(s) = 20*s**3 + 9*s**2 - 12*s + 81. List the prime factors of x(7).
2, 41, 89
Let s(n) = 122*n - 2*n**3 - 115*n + 3*n**3 + 5*n**2. Let k be s(-6). What are the prime factors of 3282/39 - 3/k*-4?
2, 3, 7
Suppose 23*c - 35301 = 444 + 68307. List the prime factors of c.
2, 3, 13, 29
Suppose 5*m = 5*h - 137390, -3*m - 54956 = -12*h + 10*h. List the prime factors of h.
2, 11, 1249
Let g(h) = -26*h**3 + 50*h**2 - 17*h - 46. What are the prime factors of g(-5)?
3, 17, 89
Let x = 151 + -121. Suppose -24*a - 4464 = -x*a. List the prime factors of a.
2, 3, 31
Let y(t) = 2429*t - 212. List the prime factors of y(4).
2, 3, 11
Suppose 343*r = 351*r - 14648. List the prime factors of r.
1831
Let m(p) = -p**3 + 16*p**2 - 28*p - 8. Let c be m(14). Let n(q) = -40*q + 10. What are the prime factors of n(c)?
2, 3, 5, 11
Let a(o) = o**2 + 19*o - 6. Let z be a(-19). Let t(s) = 5*s + 10. Let y be t(z). Let q = y - -45. What are the prime factors of q?
5
Let c(d) = 3*d**3 + 81*d**2 + 21*d - 1. Let z be c(-26). Let u = z + -548. List the prime factors of u.
3, 311
Let w(x) = x**3 + 13*x**2 - 32*x + 29. Let c = 172 - 186. List the prime factors of w(c).
281
List the prime factors of (-1110)/(-70)*7 - 3.
2, 3
Let i(c) = 1895*c + 5957. List the prime factors of i(13).
2, 239
Let m be -871 - (-56)/(-8)*-1. Let i = 1619 + m. What are the prime factors of i?
5, 151
Suppose -10*s + i + 30689 = -5*s, 0 = -5*s + 6*i + 30659. List the prime factors of s.
7, 877
Let k be 4464/21 + (-123)/(-287). Suppose 3*w - 574 = -5*a, -a + 2*w + 10 + 110 = 0. Let z = k - a. List the prime factors of z.
97
Let z(g) = -g**3 + 22*g**2 + 32. Let j be z(22). Let t = j - 22. Suppose 0 = 16*o - t*o - 1074. What are the prime factors of o?
179
Let q(h) = 3 - 1 - 2*h**2 - 5*h + 4*h**3 + 6*h. Let l(c) = -21*c**3 + 11*c**2 - 5*c - 10. Let i(p) = -2*l(p) - 11*q(p). List the prime factors of i(-2).
2
Let w(s) = -4*s - 94. Let l be w(10). Let t = l - -503. What are the prime factors of t?
3, 41
Let q be 1/3*(-5 + 9 + 137). Suppose -56*d + 10539 = -q*d. What are the prime factors of d?
1171
Suppose -17756 - 4987 = -19*h. Suppose -2*q - 4*r = -782, 5*r - h = -5*q + 768. List the prime factors of q.
5, 79
Suppose -5*x - b + 219 = 0, -3*x = x + 4*b - 172. Let i = x - 42. Suppose i*f - 4*f + 154 = 0. List the prime factors of f.
7, 11
List the prime factors of (-1 + -14)*(4 + 2 + 1564/(-12)).
5, 373
Let a(m) = -3*m + 20. Let x be a(3). Let f be 2*((-1)/4)/(x/330). List the prime factors of (-213)/(-9)*f/(-5).
71
Let h(k) = -3*k**3 - 72*k**2 - 416*k - 96. What are the prime factors of h(-40)?
2, 2917
Suppose 15*y - 16*y + 6145 = 3*d, -5*y = -5*d + 10235. List the prime factors of d.
2
Suppose -2*z = -2*t - 1174 - 2496, 5*z - 9172 = 2*t. What are the prime factors of z?
2, 7, 131
What are the prime factors of 2/(495/58245*((-4)/522)/(-1))?
3, 29, 353
Let f(h) = -1140*h + 4776. What are the prime factors of f(-6)?
2, 3, 11
Suppose 3*o - 7*a = -2*a - 12, 0 = o - 3*a. Let f be (-3)/(-8) + (-10)/((-80)/(-5139)). What are the prime factors of f/o + -2 + (-6)/(-9)?
2, 5, 7
Suppose 26 = 3*w + 3*n - 118, 4*w = -n + 195. Suppose -2882 = -w*a + 66110. List the prime factors of a.
2, 11
Suppose -143431 